*o - 2*o - 1. Let g be r(-4). Suppose -4*m - 15 = -g*d + 41, -3*d - 3*m + 21 = 0. What is the remainder when 22 is divided by d?
10
Let q = -92 + 104. What is the remainder when 45 is divided by q?
9
Let c = 51 + -2. Let m be 30/(-1) - (-2 + 1). Let f = 46 + m. What is the remainder when c is divided by f?
15
Suppose 33 = 2*q + q. Let g = 16 - -4. What is the remainder when g is divided by q?
9
Suppose 6*r - 75 = -3. Calculate the remainder when 93 is divided by r.
9
Let c = -97 + 138. Suppose 2*l = h + c, 2*l - 4*l = -3*h - 51. What is the remainder when l is divided by 5?
3
What is the remainder when 84 is divided by (-6)/(-4)*12 - (-2 - -5)?
9
Let u = 30 - 18. What is the remainder when u is divided by 7?
5
Suppose -6 + 16 = 5*n. Let y = 7 - n. What is the remainder when 8 is divided by y?
3
Suppose -88 + 18 = -2*n. What is the remainder when 137 is divided by n?
32
Let b(j) be the third derivative of 65*j**4/24 + j**3/3 + 6*j**2. Calculate the remainder when b(1) is divided by 1/((2/2)/23).
21
Let k(i) = -i**3 - i**2 - 2*i - 4. Calculate the remainder when 79 is divided by k(-3).
19
Let f be (4 + 3 - 3) + 1. Suppose f*i - 56 = -6. Calculate the remainder when 28/(-5)*(1 - 6) is divided by i.
8
Let b = 11 - -1. Let p = -1 - -1. Suppose p = -3*i - 0*i + 105. What is the remainder when i is divided by b?
11
Let u(y) = -y + 16. Let p be (-6)/4*4/(-3). Suppose p*x - 4*x = -52. Calculate the remainder when x is divided by u(7).
8
Suppose 3*j + 2*j - 130 = 0. What is the remainder when j is divided by (-22 - -1)*(-10)/30?
5
Let l(v) = -v - 3. Let a be l(-3). Let t be (a + (-2 - -2))/(-2). Suppose -d + 19 - 4 = t. What is the remainder when 43 is divided by d?
13
Suppose -89 = -5*a + 36. Let c(n) = 4*n**2 - 2*n + 1. Calculate the remainder when c(-4) is divided by a.
23
Let o be 141/12 + (-2)/(-8). Let t = 1 + o. What is the remainder when -2 + 2 + 24/1 is divided by t?
11
Calculate the remainder when 78 is divided by (135/25)/((-1)/(-5)).
24
Suppose -7*x = -5*x - 16. What is the remainder when 23 + -1 - (0 + -1) is divided by x?
7
Suppose x - 80 = -4*g, -g - 2*x = 2*x - 20. Let j(i) = -i**3 + 6*i**2 - 2*i - 4. What is the remainder when g is divided by j(5)?
9
Let d(r) = r**3 - 5*r**2 - 6*r + 5. Let z be d(6). Suppose 24 = -z*a + 6*a. Calculate the remainder when 93 is divided by a.
21
Suppose -w - 1 = -37. What is the remainder when w is divided by 10?
6
Suppose -5*a + 2*f = -65, 0 = -7*a + 6*a - 2*f + 13. What is the remainder when 36 is divided by a?
10
Let g(n) = -78*n + 1. Let c be g(1). Let w = 117 + c. Suppose -d - 14 = -2*d. What is the remainder when w is divided by d?
12
Suppose 3*h + 14 - 46 = -4*j, -j + 4*h + 27 = 0. Suppose t - 2*t = j. Let l(u) = -u**3 - 11*u**2 - u + 5. What is the remainder when 47 is divided by l(t)?
15
Suppose 5*h - 10 = 0, -23 = -4*k - 4*h + 81. What is the remainder when 70 is divided by k?
22
Calculate the remainder when 30 is divided by (-194)/(-18) + (-28)/(-126).
8
Calculate the remainder when 36/(-24)*86/(-3) is divided by 23.
20
Suppose s - 6*s + 345 = 0. Calculate the remainder when s is divided by 35.
34
Let k(u) = 2*u**2 + 2*u + 4. Let r be k(-3). Let v = r + -3. What is the remainder when 49 is divided by v?
10
Let s(m) be the third derivative of m**5/60 - 11*m**4/24 + 7*m**3/3 - 3*m**2. Calculate the remainder when 10 is divided by s(10).
2
Let m(w) = -w**3 - 16*w**2 + 12*w - 11. Calculate the remainder when m(-17) is divided by 56/3 - (-1)/3.
17
Suppose 0 = -5*n + 1 + 44. Calculate the remainder when 34 is divided by n.
7
Suppose m + 5 = -4. Let q(h) = -3*h + 9. What is the remainder when q(m) is divided by 13?
10
Suppose 4*x - 26 = 3*j, -3*j - 4 = 2. What is the remainder when 19 is divided by x?
4
Let w(v) = 3*v - 7. What is the remainder when 51 is divided by w(11)?
25
Let w = 30 + -20. Calculate the remainder when 37 is divided by w.
7
Let b(c) = -3*c**3 + c**2 + 2*c. What is the remainder when b(-2) is divided by 9?
6
Let j(a) = a**3 - 19*a**2 + 20*a - 21. Calculate the remainder when 87 is divided by j(18).
12
Suppose y + 4*y - 175 = 0. What is the remainder when y is divided by 9?
8
Let l be -1 - 72*(-3)/(-3). Calculate the remainder when 6/(-24) - l/4 is divided by 1/3 + 58/6.
8
Suppose -6*l + l + 45 = 0. Calculate the remainder when 6 is divided by l/2 + (-2)/4.
2
Suppose 0 = -3*c + 6 + 3, 0 = -g + 5*c + 49. What is the remainder when g is divided by 22?
20
Let t = 2 + 0. What is the remainder when 22 is divided by 195/25 + t/10?
6
Suppose 2*j - 3 = 23. Suppose -r = -2*t + 178, -2*t - t - 4*r = -256. Let w = -51 + t. What is the remainder when w is divided by j?
11
Let l(x) = 4*x**2 + 5*x - 9. Calculate the remainder when l(-5) is divided by 34.
32
Let n(a) = -a**2 + 7*a - 5. What is the remainder when 34 is divided by n(2)?
4
Suppose -4*x + 212 = -2*b, x + 7*b - 64 = 2*b. What is the remainder when x is divided by 14?
12
What is the remainder when 67 is divided by (1 + ((-60)/(-8))/3)*4?
11
Suppose -2*v + 0*v + 28 = 0. What is the remainder when 39 is divided by v?
11
Let g(v) = v**2 + 16*v + 17. Let i = -3 - 12. Suppose -5*k + 25 = -0*k. What is the remainder when k is divided by g(i)?
1
What is the remainder when 58 is divided by 23 - (-2)/(8/(-12))?
18
Let x = 20 + -7. Suppose -i = i - 100. Suppose 0*g + i = g. Calculate the remainder when g is divided by x.
11
Suppose -4*i + 60 = 2*i. What is the remainder when 69 is divided by i?
9
Suppose 7*q = 2*q + 30. Suppose q*h = 3*h + 81. Let a = 9 - -5. What is the remainder when h is divided by a?
13
Let k(y) = 8 + 1 + 0 - 5 + 13*y - y**2. What is the remainder when k(12) is divided by 9?
7
Let v(h) = h**2 + h + 2. Let o be (-4)/10 - 16/10. Let p be v(o). Suppose -p*z = -44 - 4. What is the remainder when 45 is divided by z?
9
Let o(x) = -x**3 + 6*x**2 + 3*x + 16. Suppose -2*n - 41 + 5 = 0. Let l = 30 + n. What is the remainder when o(6) is divided by l?
10
Suppose 6*f = 4*f + 10. Suppose 4*j - 165 = j. Suppose -f*t + j = -70. What is the remainder when t is divided by 9?
7
Suppose -92 = -0*n - 4*n. Calculate the remainder when 67 is divided by n.
21
What is the remainder when 114 is divided by (1 - -59)*(0 + (-8)/(-16))?
24
Let s(p) = 13*p - 26. Let k(m) = 25*m. What is the remainder when k(2) is divided by s(4)?
24
Let x = -36 - -39. What is the remainder when 11 is divided by x?
2
Suppose 3*t - 4*q = -31, -3*q + 30 + 16 = -4*t. Let l = 29 + t. Suppose -4*d + 4 = -5*u, 28 = 2*d + 4*u - 0*u. Calculate the remainder when l is divided by d.
4
Let t = 10 + -4. Suppose 23 = 5*n - i, 0 - 4 = -2*n + 3*i. Suppose -4*s = t*p - p - 81, -n*s = -20. Calculate the remainder when p is divided by 7.
6
What is the remainder when 7 - 10 - (-4 + 0) is divided by 1?
0
Let a = -26 + 45. What is the remainder when 74 is divided by a?
17
Let s(k) = k - 2. Let n(t) = -t - 7. What is the remainder when n(-12) is divided by s(6)?
1
Suppose -2*r + 0*y + 3*y = -83, 2*r - 4*y - 78 = 0. What is the remainder when r is divided by 13?
10
Suppose u = 20 + 22. What is the remainder when 83 is divided by u?
41
Suppose 0 = -n - 2*n + 48. Let z be (-159)/(-7) + (-6)/(-21). Let t = z - n. Calculate the remainder when 12 is divided by t.
5
Suppose 74 = m - 28. Suppose 0 = 2*q + 18 - m. Calculate the remainder when q is divided by 11.
9
Let x = 605 - 585. Suppose -2*j - 3 = j, 2 = -d - 4*j. Suppose -d*t + 28 = 2*v, 2*v + 2*t + 2*t - 34 = 0. Calculate the remainder when x is divided by v.
9
Suppose 0 = -2*i - 18 + 54. Suppose 156 = -2*f + 5*f. Calculate the remainder when f is divided by i.
16
Let m = -50 - -25. Let k = 37 + m. Calculate the remainder when k is divided by 3.
0
Suppose 11 = 3*m - 1. Suppose 0*c - 2*c = -4, 18 = m*j + c. Calculate the remainder when 11 is divided by j.
3
Let z be 0/(-1)*(-7)/14. Let h(a) = a - 1. Let o be h(-2). Calculate the remainder when 4 is divided by (z/(-1))/2 - o.
1
Suppose 2*j = 3*s - 58, 0*s - 2*s - 3*j + 56 = 0. Calculate the remainder when s is divided by 6.
4
Let y(x) = -2*x - 2. Let h(n) = n + 7. Let l be h(-9). Suppose 3*m + 0*q - 2*q = 0, 0 = m - 3*q + 7. What is the remainder when y(l) is divided by m?
0
Suppose 5 + 3 = 2*u. Suppose 2*j + u = 10. Suppose -j*g + 26 = -7. Calculate the remainder when 20 is divided by g.
9
Calcu